-75800)/(-55) + 2/(-11). What is the greatest common factor of p and x?
53
Suppose 4*j = 6*j - 8. Suppose 27 = j*d - 5*w, 15 = d - 3*w - w. Suppose -d*p = -2*p - 6. Calculate the highest common divisor of p and 18.
6
Let k(o) = -o**3 - 6*o**2 - 10*o - 57. Let f be k(-6). Suppose -4*j = f*t - 233 - 120, -4*t - 2*j = -454. Calculate the greatest common factor of 37 and t.
37
Suppose -2*p + 3*b + 118 = 86, 0 = -7*p + 5*b + 134. Let y be 1*((1 - -57) + 0). Let s = y - 3. What is the highest common divisor of s and p?
11
Suppose -p + 5*o + 1276 - 1118 = 0, 3*p - 5*o = 444. Calculate the greatest common divisor of p and 3744.
13
Let n = 2077 - 557. What is the highest common factor of 285 and n?
95
Suppose 5*d - 5236 = -23*d + 11*d. What is the highest common factor of d and 44?
44
Let g be 43 - (4 - 3) - -4. Let q(r) = -4*r**2 + 110*r - 14. Let f be q(24). What is the greatest common divisor of g and f?
46
Suppose 20*r - 4264 = 12*r. Let v = r + -488. What is the greatest common divisor of v and 25?
5
Suppose 1 = -5*y - 2*i, 2*y + 2*i = -2*y. Let v(q) = -7*q + 4. Let f be v(y). Suppose -6*n = -f*n + 550. Calculate the highest common factor of 22 and n.
22
Suppose -206 = -5*m + 305*p - 307*p, 5*p - 15 = 0. Calculate the greatest common factor of 1150 and m.
10
Suppose 0 = -5*i + 2*f + 179, 2*i - 23 - 37 = -5*f. Suppose i*h + 1134 = 49*h. What is the greatest common divisor of h and 27?
27
Let o(u) = -u**3 + 8*u - 32 + 20*u + 3*u**2 - 17 - 10*u**2 + 15*u. Let q be o(-15). Calculate the highest common factor of q and 14.
14
Let n = -7145 + 7955. Calculate the greatest common divisor of 360 and n.
90
Let s be (14 + (1 - 0))*(-34)/(-51). Let n(d) = d**3 - 8*d**2 - 39*d + 51*d - 3*d**2 - 6. Let h be n(s). Calculate the greatest common factor of h and 154.
14
Let r(k) be the second derivative of -3*k**5/10 - k**4/6 + 5*k**3/6 + 5*k**2 + 25*k. Let q be r(-2). Calculate the greatest common divisor of q and 360.
40
Suppose -4*p + g - 40 = -110, 0 = -p - 5*g + 28. What is the highest common divisor of p and 54?
18
Suppose -16*w - 46 = -110. Suppose -3*a + 6*a = 156. Suppose -4*d + a = 2*c, -c - c + d = -27. What is the greatest common divisor of c and w?
4
Let l be (-4)/10 + -2 + 242/55. Suppose 2*j - 72 = -4*i, -3*i = l*i - 3*j - 112. What is the greatest common divisor of i and 110?
10
Suppose x + 4*j - 12 = -28, -x + 3*j + 19 = 0. Suppose -2*s + 5*s = x*u + 7, -4 = -2*u. Let h be 2 + 6/(-1) + s. What is the highest common divisor of 4 and h?
1
Suppose 18*y - 11*y + 14 - 301 = 0. What is the greatest common factor of y and 23?
1
Suppose -15*j = -66*j - 4233. Let u = j - -84. What is the greatest common factor of u and 25?
1
Suppose q + h + 3 = 0, -4*q + 5*h - 5 = q. Let b be (-10)/2*q/20*-18. Let l be (-2)/6 + (-21)/b. Calculate the highest common factor of l and 6.
2
Let h be 5 + 0 + 4/(0 + 4). Let c be -13 + 64/8 + h. Suppose d - 2*d + 3 = 0. What is the greatest common divisor of d and c?
1
Let i(s) = -2*s + 1. Let r(v) = -13*v + 35. Let t(k) = i(k) - r(k). Let z be t(17). What is the highest common factor of z and 119?
17
Let a(x) = x**2 + 29. Let h be a(0). Let z be (-11)/33*(-11 - 424). What is the highest common factor of h and z?
29
Suppose 5*b + 5*b - 50 = 0. Suppose -179 = -b*u + 81. What is the highest common divisor of 13 and u?
13
Suppose -5*p = a + 70 - 78, -2*a - 3*p + 30 = 0. Calculate the highest common divisor of 2490 and a.
6
Let f(u) = 253*u**2 + 29*u + 61. Let p be f(-2). What is the highest common factor of 70 and p?
35
Suppose 4*t - 210520 = 3*d, 368392 = 7*t - 26*d + 23*d. What is the greatest common divisor of t and 208?
208
Suppose 436*s = 425*s + 77. Calculate the greatest common divisor of 41 and s.
1
Let g be -5 - (-3)/(9/6) - (-5496 - -129). Calculate the greatest common divisor of 1490 and g.
298
Let h be (47*-17)/((8/(-12))/((-68)/(-102))). What is the greatest common factor of 94 and h?
47
Let c be 74*(-6)/(-12) + -3. Suppose 0 = 4*m - c - 58. Calculate the greatest common factor of m and 69.
23
Suppose 264 = -v + 21. Let c = -180 - v. What is the greatest common factor of 168 and c?
21
Let l(o) = 3*o + 24. Suppose 0 = 4*z - z - 18. Suppose z*f = 10 - 10. Let g be l(f). What is the greatest common factor of g and 120?
24
Suppose 3*x + 10 = -4*k, 410*k - 2*x = 406*k + 20. What is the highest common factor of 1454 and k?
2
Suppose 0 = -2*v + 5 + 1. Let p = 4 + -3. Let a be p/(-4) + -1 + 685/20. What is the greatest common divisor of a and v?
3
Let b = -34 + 144. Suppose -47*r + 45*r = -132. What is the highest common factor of r and b?
22
Let g = -3396 - -3678. Calculate the greatest common factor of g and 2209.
47
Let b(k) = 61*k - 590. Let p be b(10). Calculate the highest common factor of p and 2470.
10
Let y be (-9 - -1 - 16) + 34. Let n be (-10)/(-2) + (-2)/(-2). Suppose -5*k + 10 = 0, -5*k = 3*h + n - 31. What is the greatest common divisor of h and y?
5
Let j(z) = 9*z**2 - 113*z + 528. Let x be j(5). What is the highest common divisor of 8742 and x?
94
Suppose 7*g = 3*g - 8, 0 = -a + 3*g + 6. Suppose a = -36*c + 127 + 305. What is the greatest common divisor of c and 4?
4
Let k be (-12)/8*(-210)/(-45) + 5282. What is the greatest common factor of 75 and k?
25
Suppose 246*l = 241*l + 10. Suppose -l*h - 202 = -4*u, -4*h = -7*u + 6*u + 40. What is the greatest common factor of 52 and u?
52
Suppose 44*o - 70*o = -7462. Calculate the highest common divisor of 21 and o.
7
Suppose 68474 = 20*v + 10574. Suppose 5*f + 2*s - 2923 = 0, 0 = 5*f - 2*s - 3*s - v. What is the highest common divisor of 11 and f?
11
Let t = -46 + 78. Let l = 4 - 0. Let m = t + l. What is the highest common factor of 18 and m?
18
Suppose 0 = -158*h + 243*h - 425. What is the greatest common factor of h and 3?
1
Let s = 12925 + -8457. What is the highest common divisor of s and 12?
4
Suppose -62*g + 280 - 156 = 0. Calculate the highest common divisor of g and 710.
2
Suppose 0 = -5*k + 15, -3*p - 4*k = -403 - 554. Calculate the highest common divisor of 1245 and p.
15
Suppose 0 = -4*z + 6*z. Suppose 0*x - 2*x - 2 = z, 4*x = -3*j - 22. Let f(p) = p**2 + 3*p - 1. Let k be f(j). What is the highest common divisor of k and 102?
17
Let w(l) = -37*l**2 + 19. Let a be w(-4). Let d = -329 - a. What is the highest common divisor of 183 and d?
61
Suppose 0 = -21*v + 10281 + 1402 + 8603. Calculate the greatest common divisor of v and 4002.
138
Let z = -40 - -40. Let d be (z/(-2))/(0 - -1 - 3). Suppose -3*i + 156 - 39 = d. What is the greatest common divisor of 26 and i?
13
Let m = -233 + 271. Let w = m - 14. Calculate the greatest common factor of 18 and w.
6
Let k = -24 - -74. Suppose 2*t + 2*o - k = 0, 0*t - t = -3*o - 5. Suppose 0 = 2*b - 6 - 24. What is the highest common divisor of b and t?
5
Let g be 4/(-6) - 29/(-3). Suppose 3*m + 72 - 15 = -3*s, -s + 4*m = 24. Let j be (72/s)/((-14)/35). What is the highest common divisor of j and g?
9
Let u(r) = -r**3 + 8*r**2 + 2. Let g be u(8). Let d = 45 + -71. Let h be g*(5 + -4 - d). What is the greatest common factor of h and 9?
9
Let w = -866 + 870. Calculate the highest common factor of w and 1004.
4
Let v be (104/65)/((-4)/(-260)). Suppose 50*m - 63*m + v = 0. Calculate the highest common factor of m and 344.
8
Let f be 0 + (-70 - 0) + -1. Let d = -42 - f. Calculate the greatest common divisor of 261 and d.
29
Suppose 3*r = 5*r - 8, -f = -2*r + 4. Calculate the greatest common factor of f and 1468.
4
Suppose -53 = 4*c - 93. Suppose 27*d + c = 29*d. Suppose 0 = 3*i + 3*m - 0*m - 6, -2*m = -2*i + 16. What is the highest common divisor of i and d?
5
Let f = -20068 + 20153. Calculate the greatest common divisor of f and 2125.
85
Let r be 6/(-21) + (-815)/(-35). Let x = -18 + r. Suppose -x = -5*g - 0. What is the highest common divisor of g and 1?
1
Let q = -6717 + 7498. Calculate the greatest common divisor of q and 11.
11
Let y(i) = 55*i**2 + 14*i + 272. Let b be y(-10). What is the greatest common factor of 44 and b?
44
Suppose 5*n - 712 = 1088. Suppose 420*t - 424*t = -20. Let s be -9 + t + 4 - -45. Calculate the greatest common divisor of n and s.
45
Suppose 8*q + 252 = q. Let o = q + 25. Let j = o + 23. What is the greatest common factor of j and 96?
12
Let x(n) = n**3 - 16*n**2 - 10*n - 42. Let q be x(18). Ca